actor of 1457 and 62?
31
Calculate the highest common divisor of 473 and 43.
43
What is the highest common divisor of 40 and 20920?
40
Calculate the greatest common factor of 217 and 14.
7
What is the greatest common factor of 357 and 1173?
51
Calculate the highest common divisor of 11 and 22.
11
What is the highest common factor of 686 and 392?
98
What is the greatest common divisor of 36 and 11034?
18
Calculate the greatest common factor of 5 and 43535.
5
Calculate the greatest common divisor of 249 and 12.
3
What is the highest common factor of 75 and 15?
15
Calculate the highest common divisor of 260 and 31460.
260
What is the highest common divisor of 73 and 4?
1
What is the highest common divisor of 230 and 10?
10
What is the greatest common divisor of 81 and 9?
9
Calculate the greatest common factor of 752 and 32.
16
Calculate the greatest common divisor of 102 and 50847.
51
Calculate the highest common factor of 2075 and 747.
83
What is the greatest common factor of 3996 and 37?
37
What is the greatest common factor of 2552 and 29?
29
Calculate the highest common factor of 945 and 225.
45
What is the greatest common factor of 55 and 3575?
55
What is the highest common divisor of 533 and 26?
13
Calculate the highest common factor of 441 and 10647.
63
What is the greatest common divisor of 33 and 759?
33
Calculate the highest common factor of 40 and 15.
5
What is the greatest common factor of 10237 and 58?
29
What is the highest common factor of 27 and 45?
9
Calculate the greatest common factor of 6366 and 72.
6
What is the highest common divisor of 123 and 24?
3
Calculate the highest common factor of 777 and 333.
111
Calculate the highest common factor of 102 and 561.
51
Calculate the greatest common factor of 72 and 360.
72
Calculate the greatest common divisor of 160 and 1750.
10
What is the highest common divisor of 35 and 679?
7
Calculate the highest common factor of 105 and 435.
15
Calculate the greatest common divisor of 26 and 78.
26
Calculate the highest common divisor of 92 and 23.
23
Calculate the highest common factor of 12586 and 290.
58
Calculate the greatest common factor of 330 and 2750.
110
Calculate the highest common factor of 1165 and 5.
5
Calculate the highest common divisor of 3376 and 1477.
211
Calculate the highest common divisor of 164 and 80.
4
What is the highest common factor of 28 and 19992?
28
What is the highest common factor of 3 and 38?
1
Calculate the greatest common factor of 323 and 76.
19
Calculate the greatest common divisor of 12453 and 21.
21
Calculate the highest common factor of 20 and 690.
10
Calculate the greatest common divisor of 1450 and 4814.
58
Calculate the highest common factor of 1140 and 15580.
380
What is the highest common factor of 64 and 544?
32
What is the highest common factor of 3168 and 660?
132
What is the greatest common divisor of 21 and 3297?
21
What is the greatest common divisor of 108 and 1062?
18
What is the greatest common divisor of 60 and 96?
12
What is the greatest common factor of 99 and 9?
9
Calculate the greatest common factor of 180 and 2280.
60
What is the highest common factor of 1176 and 24?
24
What is the greatest common divisor of 1750 and 1330?
70
Calculate the greatest common factor of 162 and 567.
81
What is the highest common factor of 2520 and 324?
36
Calculate the highest common divisor of 15 and 15360.
15
Calculate the greatest common factor of 481 and 1976.
13
Calculate the greatest common divisor of 84 and 112.
28
Calculate the highest common factor of 196 and 49.
49
Calculate the highest common divisor of 250 and 150.
50
What is the highest common factor of 848 and 53?
53
What is the greatest common factor of 17 and 16575?
17
Calculate the highest common divisor of 2496 and 780.
156
What is the highest common factor of 4100 and 1312?
164
What is the highest common divisor of 15 and 231?
3
What is the highest common divisor of 629 and 17?
17
Calculate the highest common factor of 6156 and 76.
76
Calculate the greatest common divisor of 133 and 7.
7
Calculate the greatest common factor of 20345 and 26.
13
What is the greatest common divisor of 34 and 19771?
17
Calculate the highest common divisor of 47 and 38023.
47
What is the greatest common factor of 32 and 104096?
32
What is the highest common factor of 114 and 6?
6
What is the greatest common divisor of 27 and 9261?
27
What is the greatest common divisor of 14 and 26?
2
Calculate the highest common divisor of 24 and 160.
8
What is the greatest common factor of 3 and 51?
3
Calculate the greatest common factor of 20 and 980.
20
What is the greatest common divisor of 175 and 100?
25
Calculate the greatest common factor of 40 and 640.
40
Calculate the greatest common factor of 264 and 165.
33
Calculate the highest common factor of 64 and 3424.
32
Calculate the greatest common factor of 40 and 32.
8
Calculate the greatest common factor of 7 and 511.
7
What is the greatest common divisor of 15 and 1095?
15
Calculate the greatest common factor of 102 and 68.
34
What is the highest common factor of 77 and 8316?
77
What is the greatest common divisor of 16 and 424?
8
What is the highest common divisor of 15 and 450?
15
What is the greatest common factor of 156 and 52?
52
What is the greatest common factor of 606 and 12?
6
What is the highest common factor of 3122 and 14?
14
Calculate the highest common factor of 4175 and 1002.
167
Calculate the highest common divisor of 41 and 287.
41
Calculate the greatest common factor of 600 and 2250.
150
What is the greatest common factor of 588 and 204?
12
Calculate the greatest common factor of 111 and 2849.
37
What is the highest common divisor of 170 and 15385?
85
What is the greatest common factor of 1771 and 11891?
253
What is the highest common factor of 36530 and 130?
130
Calculate the highest common factor of 10 and 18.
2
What is the highest common factor of 30 and 255?
15
What is the highest common divisor of 9920 and 31?
31
What is the greatest common factor of 2570 and 50?
10
What is the greatest common factor of 48 and 114?
6
Calculate the highest common factor of 4 and 16.
4
What is the greatest common divisor of 264 and 1782?
66
Calculate the highest common factor of 328 and 123.
41
What is the highest common factor of 82 and 3854?
82
What is the highest common factor of 108 and 444?
12
What is the greatest common divisor of 6 and 18?
6
Calculate the highest common divisor of 36 and 16.
4
What is the greatest common divisor of 1400 and 224?
56
Calculate the greatest common divisor of 15 and 1265.
5
Calculate the highest common factor of 45 and 567.
9
What is the highest common divisor of 154 and 42?
14
Calculate the greatest common factor of 99 and 132.
33
Calculate the greatest common factor of 418 and 190.
38
What is the greatest common divisor of 154 and 3157?
77
Calculate the greatest common factor of 13 and 403.
13
Calculate the greatest common factor of 110 and 242.
22
What is the highest common factor of 4531 and 667?
23
What is the greatest common divisor of 2067 and 156?
39
What is the highest common divisor of 469 and 1139?
67
Calculate the highest common factor of 22430 and 30.
10
What is the highest common factor of 945 and 360?
45
What is the greatest common factor of 45 and 63?
9
Calculate the greatest common factor of 348 and 12.
12
What is the greatest common divisor of 99 and 110?
11
What is the greatest common factor of 86 and 1763?
43
Calculate the greatest common divisor of 29498 and 86.
86
Calculate the highest common divisor of 623 and 7.
7
Calculate the greatest common divisor of 14 and 980.
14
Calculate the highest common divisor of 10 and 265.
5
What is the greatest common divisor of 632 and 16748?
316
Calculate the greatest common factor of 255 and 340.
85
Calculate the highest common divisor of 605 and 880.
55
Calculate the greatest common factor of 875 and 75.
25
What is the highest common divisor of 135 and 590?
5
What is the highest common divisor of 44 and 990?
22
Calculate the highest common factor of 132 and 564.
12
What is the greatest common factor of 3706 and 34?
34
Calculate the greatest common divisor of 340 and 1445.
85
What is the greatest common factor of 855 and 2755?
95
What is the highest common factor 